30
Calculate the greatest common divisor of 1368546 and 8142.
138
Calculate the greatest common divisor of 1196 and 281327605.
299
Calculate the highest common factor of 4669 and 48675137.
203
What is the highest common divisor of 24 and 124929996?
12
Calculate the greatest common factor of 20451 and 23307.
51
Calculate the greatest common divisor of 6464 and 1122919616.
6464
What is the highest common divisor of 2031771 and 11067?
651
Calculate the greatest common divisor of 2998972 and 30592.
956
What is the greatest common factor of 506937 and 4551?
111
Calculate the greatest common factor of 808110 and 36.
18
What is the greatest common divisor of 27932051 and 161?
161
Calculate the highest common divisor of 55295120 and 240.
80
Calculate the highest common factor of 1083 and 36477663.
57
Calculate the greatest common factor of 2368537088 and 128.
128
What is the greatest common divisor of 240 and 99920?
80
What is the greatest common divisor of 97441 and 303?
1
What is the highest common divisor of 10946980 and 12980?
220
What is the highest common factor of 717 and 217693389?
717
Calculate the greatest common divisor of 189818 and 132163.
887
What is the highest common factor of 11 and 31217747?
11
What is the highest common factor of 14703854 and 276?
46
What is the greatest common factor of 1833034 and 224?
14
Calculate the highest common factor of 6 and 2782623.
3
Calculate the greatest common factor of 28064094 and 138.
138
Calculate the greatest common factor of 1824 and 27932544.
96
Calculate the greatest common factor of 496805 and 10720.
335
Calculate the greatest common factor of 428 and 801550696.
428
What is the highest common divisor of 255 and 429430625?
85
What is the highest common factor of 289441692 and 24592?
6148
What is the highest common divisor of 364750 and 21250?
250
Calculate the greatest common factor of 275565661 and 245.
49
Calculate the highest common divisor of 51731 and 22831.
289
Calculate the highest common factor of 704850 and 6096.
762
Calculate the highest common divisor of 14391 and 3734289.
351
What is the greatest common divisor of 9316034 and 1547?
1547
What is the greatest common factor of 436837 and 1591?
43
What is the greatest common divisor of 1724770 and 3780?
10
What is the highest common divisor of 120197070 and 21?
21
What is the greatest common divisor of 3518 and 50381278?
3518
What is the greatest common divisor of 1107432 and 17928?
216
Calculate the highest common factor of 171471377 and 4081.
4081
Calculate the highest common factor of 22028203 and 295391.
3319
Calculate the highest common factor of 125 and 94100.
25
What is the highest common factor of 342 and 5824374?
114
Calculate the greatest common divisor of 7848 and 351132.
12
Calculate the greatest common factor of 7 and 1356470955.
7
What is the greatest common divisor of 531 and 62599?
59
What is the greatest common divisor of 425 and 1796985?
85
What is the greatest common divisor of 4818 and 40161242?
1606
Calculate the highest common factor of 13 and 383882239.
13
Calculate the highest common divisor of 3897628 and 84.
28
Calculate the greatest common factor of 96 and 179340192.
96
What is the highest common divisor of 26 and 163684547?
13
What is the greatest common divisor of 306 and 650038248?
306
Calculate the greatest common factor of 14330319 and 2586.
1293
Calculate the highest common divisor of 143222 and 9424.
38
What is the greatest common divisor of 14474508 and 4?
4
What is the greatest common divisor of 6746245 and 10120?
1265
What is the highest common factor of 26529 and 2665089?
717
Calculate the greatest common factor of 794723 and 8843.
37
Calculate the greatest common factor of 1900596 and 13284.
492
Calculate the greatest common factor of 811294 and 4400.
22
Calculate the highest common divisor of 21494928 and 19536.
1776
What is the greatest common divisor of 4670782 and 12926?
562
Calculate the highest common divisor of 1674187 and 3580.
179
Calculate the highest common divisor of 19736426 and 876.
146
What is the highest common factor of 5013762 and 286?
26
What is the highest common divisor of 124300 and 6875?
275
Calculate the greatest common factor of 698898087 and 2763.
2763
What is the highest common factor of 2390841403 and 7859?
7859
Calculate the greatest common factor of 9599 and 13529625.
331
What is the highest common divisor of 1968 and 17395944?
24
What is the greatest common factor of 400 and 54242800?
400
Calculate the greatest common divisor of 8429904 and 18.
18
What is the highest common divisor of 9600403 and 809?
809
Calculate the greatest common divisor of 38093398 and 12467.
959
Calculate the greatest common divisor of 2315405938 and 4852.
2426
What is the greatest common divisor of 40 and 5317960?
40
Calculate the highest common factor of 22906 and 23584370.
1762
What is the highest common divisor of 820475 and 2600?
25
Calculate the highest common factor of 796712 and 1105195.
2429
Calculate the highest common factor of 3311017 and 20677.
899
Calculate the highest common factor of 12448288 and 142.
142
What is the greatest common divisor of 528 and 571549?
11
Calculate the highest common divisor of 74 and 35747.
1
Calculate the greatest common divisor of 597283 and 12886703.
4297
What is the greatest common divisor of 6440046 and 4232?
1058
What is the greatest common divisor of 2676465 and 4547287?
5407
Calculate the highest common factor of 7730352 and 196.
28
Calculate the greatest common factor of 55199034 and 92.
46
What is the highest common factor of 1598 and 220626930?
94
Calculate the greatest common divisor of 16842 and 30534.
42
What is the greatest common factor of 54 and 16384278?
6
What is the highest common factor of 60010875 and 1575?
225
Calculate the highest common factor of 15088323 and 87.
87
What is the highest common divisor of 9603679 and 5470?
547
What is the greatest common divisor of 720799 and 8551?
503
Calculate the greatest common factor of 230 and 632546.
46
Calculate the highest common factor of 27606 and 632049.
321
What is the greatest common divisor of 32 and 2486397920?
32
Calculate the greatest common factor of 12495 and 1753890.
255
What is the greatest common divisor of 9765 and 808640?
35
What is the highest common divisor of 1536550 and 2723?
389
Calculate the greatest common divisor of 171304 and 25412576.
7448
What is the highest common factor of 101675 and 2794195?
415
What is the highest common divisor of 2530 and 378925?
115
What is the greatest common divisor of 220 and 534610?
10
Calculate the greatest common divisor of 14 and 472054786.
14
What is the greatest common divisor of 581 and 3842817?
83
Calculate the highest common divisor of 424 and 6573144.
8
Calculate the highest common factor of 50460 and 1082280.
1740
Calculate the highest common factor of 4694051 and 424.
53
What is the highest common divisor of 318977 and 17009?
233
What is the highest common divisor of 18 and 444040794?
18
What is the highest common factor of 8895 and 2242133?
593
What is the highest common factor of 39390944 and 512?
32
What is the greatest common factor of 569370 and 90?
30
What is the highest common factor of 83475 and 123102?
63
What is the highest common factor of 3911831 and 693?
77
Calculate the highest common factor of 174176568 and 96.
24
What is the greatest common divisor of 6906451 and 131?
131
What is the highest common factor of 32 and 3031020?
4
Calculate the highest common divisor of 61292 and 808687.
11
Calculate the greatest common divisor of 89745 and 29529.
579
Calculate the greatest common divisor of 2408539 and 674.
337
Calculate the greatest common factor of 283140091 and 26.
13
Calculate the greatest common factor of 2710434 and 10414.
254
What is the greatest common divisor of 756 and 11417700?
84
What is the greatest common divisor of 90 and 132471900?
90
Calculate the highest common factor of 515 and 256385.
5
What is the highest common divisor of 1240008 and 28853?
671
What is the greatest common divisor of 2301480 and 280?
40
What is the greatest common divisor of 40023848 and 272?
136
What is the highest common divisor of 417875 and 40750?
125
Calculate the highest common factor of 56 and 13844180.
28
What i